 Determine q(-35).
1
Let q(v) = -164*v - 2645. What is q(-14)?
-349
Let t(j) = -j**2 - 120*j - 239. What is t(-2)?
-3
Let q(i) = -1168*i - 2354. What is q(-2)?
-18
Let v(n) = 2*n**3 - 16*n**2 - 41*n + 5. Determine v(10).
-5
Let y(f) = 12*f**2 - 42*f + 28. Determine y(3).
10
Let t(p) = p**2 - 1028*p + 9200. What is t(9)?
29
Let w(y) = 3*y**2 - 5*y - 189. Calculate w(9).
9
Let o(d) = 7*d**3 - 113*d**2 + 25*d - 9. Determine o(16).
135
Let h(m) = m**3 - 63*m**2 - 119*m - 105. Calculate h(65).
610
Let w(r) = r**3 - 55*r**2 + 5*r - 83. Calculate w(0).
-83
Let z(g) = g**2 - 13*g + 56. Determine z(8).
16
Let w(g) = -g**2 - 82*g - 776. Give w(-11).
5
Let z(m) = 3*m**2 + 112*m + 16. Give z(-35).
-229
Let l(u) = 492*u + 1071. Determine l(-2).
87
Let k(d) = -d**3 + 12*d**2 - 36*d + 5. Calculate k(10).
-155
Let i(r) = -r**3 + 8*r**2 - 220*r + 2398. What is i(10)?
-2
Let c(g) = g**3 - 8*g**2 + 50*g - 83. Determine c(2).
-7
Let t(w) = 16*w - 311. Determine t(14).
-87
Let y(j) = -j**3 + 83*j**2 + 361*j - 8849. Give y(86).
9
Let u(z) = -4*z + 30. Calculate u(4).
14
Let r(x) = x**3 + 37*x**2 + 320*x - 61. Give r(-23).
-15
Let a(t) = -t**3 - 29*t**2 + 50*t + 4080. Determine a(-24).
0
Let y(j) = j**3 + 3*j**2 - 12*j - 22. Give y(-4).
10
Let b(o) = -2*o**3 + 94*o**2 + 49*o - 6482. Give b(46).
4
Let m(a) = -a**2 - 79*a + 876. Determine m(15).
-534
Let q(a) = -5*a + 121. Give q(48).
-119
Let x(p) = p**2 + 10*p - 3. Determine x(5).
72
Let t(q) = q**3 + 69*q**2 + 1084*q + 90. Give t(-24).
-6
Let h(z) = -5503*z - 49537. Calculate h(-9).
-10
Let s(v) = 3*v**3 + 17*v**2 - 10*v - 7. Calculate s(-5).
93
Let m(q) = 4*q**3 - 83*q**2 - 115*q + 115. Calculate m(22).
5
Let g(w) = 18*w**2 - 7*w - 32. Determine g(-2).
54
Let q(o) = -o**3 + 13*o**2 - 6*o + 56. What is q(13)?
-22
Let b(i) = 291*i + 1458. What is b(-5)?
3
Let w(t) = -318*t + 47058. Give w(148).
-6
Let k(s) = -22*s - 992. Determine k(-47).
42
Let x(p) = p**3 - 19*p**2 - 65*p - 76. Give x(22).
-54
Let r(c) = 38*c - 1467. Give r(57).
699
Let w(d) = 168*d - 1010. Determine w(6).
-2
Let s(t) = 197*t - 10040. Determine s(51).
7
Let u(a) = a**2 + 191*a - 2662. Calculate u(13).
-10
Let r(g) = 82*g + 90. Calculate r(5).
500
Let c(y) = -y**2 - y + 59. Give c(-8).
3
Let u(i) = -5*i**3 - 4*i**2 + 8*i + 21. What is u(-2)?
29
Let x(w) = 10*w**2 + 99*w + 202. Give x(-2).
44
Let w(z) = -z**3 + 47*z**2 + 42*z + 286. What is w(48)?
-2
Let q(a) = 89*a + 277. Calculate q(-3).
10
Let g(i) = -498*i + 4479. What is g(9)?
-3
Let x(b) = -164*b - 2951. Calculate x(-18).
1
Let p(b) = -710*b + 7130. What is p(10)?
30
Let g(a) = -2*a**2 - 25*a - 78. Calculate g(-10).
-28
Let r(k) = -25*k**2 + 28*k - 49. Give r(6).
-781
Let c(r) = -r**3 + 3*r**2 + 43*r - 62. Determine c(8).
-38
Let f(u) = 14*u + 411. What is f(-39)?
-135
Let h(k) = -3665*k - 65957. What is h(-18)?
13
Let g(p) = 14*p**2 - 6*p + 10. Determine g(4).
210
Let z(j) = 2*j**2 - 49*j + 19. Calculate z(24).
-5
Let h(g) = 865*g + 4324. Determine h(-5).
-1
Let i(g) = -6*g**2 - 1167*g - 1733. What is i(-193)?
4
Let f(n) = -n**3 - 6*n - 9. Give f(5).
-164
Let b(i) = -i**2 - 975*i - 22815. Give b(-24).
9
Let b(d) = -70*d + 311. What is b(6)?
-109
Let l(t) = 56*t**2 - 202*t - 1. Calculate l(2).
-181
Let c(n) = -3*n**2 + 3710*n + 14886. Give c(-4).
-2
Let l(u) = u**3 - 9*u**2 - 78*u + 91. Determine l(14).
-21
Let c(u) = 154*u - 762. What is c(5)?
8
Let m(s) = 1668*s - 9994. Give m(6).
14
Let p(d) = 30*d**2 - 60*d - 88. Determine p(3).
2
Let q(i) = -806*i**2 - 128*i - 127. What is q(-1)?
-805
Let b(j) = -7*j**3 - 12*j**2 + 15*j + 8. Give b(-2).
-14
Let y(t) = -t**3 + 11*t**2 - 14*t + 8. Give y(6).
104
Let x(a) = 53*a + 2138. Give x(-41).
-35
Let z(v) = -v**2 - 29*v - 76. Give z(-3).
2
Let b(t) = 3*t**2 + 152*t + 103. Calculate b(-50).
3
Let i(j) = 31*j + 618. Determine i(-20).
-2
Let x(h) = -h**3 + 23*h**2 + 22*h - 49. Give x(24).
-97
Let a(u) = -2*u**2 - 101*u - 109. Give a(-49).
38
Let q(i) = i**3 + 47*i**2 + 23*i - 1063. Give q(-46).
-5
Let o(a) = -a**3 + 12*a**2 - 15*a + 92. What is o(12)?
-88
Let i(m) = -36*m**3 - 2*m**2 + 9*m - 10. Calculate i(2).
-288
Let m(z) = -z**3 + 11*z**2 - 19*z + 21. Give m(4).
57
Let w(n) = n**3 + 38*n**2 - 1326*n + 123. What is w(22)?
-9
Let b(l) = 4131*l + 24915. Calculate b(-6).
129
Let y(v) = 3*v**3 - 40*v**2 - 5*v + 212. Calculate y(13).
-22
Let b(y) = 74*y - 937. Give b(13).
25
Let f(b) = 2*b**2 + 220*b + 3459. What is f(-91)?
1
Let f(i) = -i**2 + 270*i - 1888. Determine f(7).
-47
Let k(h) = h**3 - 31*h**2 + 240*h - 18. What is k(13)?
60
Let n(g) = 7*g**2 - 75*g - 348. What is n(-5)?
202
Let p(b) = b**3 - 5*b**2 - 37*b + 146. Determine p(6).
-40
Let q(a) = a**3 - 159*a**2 + 1771*a - 1023. Give q(147).
6
Let y(x) = 48*x + 112. What is y(-7)?
-224
Let q(v) = -9*v + 10. Determine q(8).
-62
Let a(f) = -62*f + 97. Determine a(2).
-27
Let h(u) = -8*u**2 + 46*u + 4996. Give h(28).
12
Let x(q) = -q**2 + 20*q - 90. Calculate x(11).
9
Let g(o) = -o**2 - 75*o - 529. What is g(-68)?
-53
Let p(u) = -1272*u - 12712. Calculate p(-10).
8
Let k(d) = -d**3 - 11*d**2 - 2*d - 343. Give k(-13).
21
Let t(x) = 2*x**2 - 104*x - 23. Calculate t(52).
-23
Let y(p) = -3*p**3 + 14*p**2 + 12*p + 6. Determine y(6).
-66
Let y(m) = -16686*m + 83431. What is y(5)?
1
Let p(r) = -2*r**2 - 2*r + 174. Determine p(-9).
30
Let o(d) = -d**2 - 17*d + 246. Determine o(18).
-384
Let n(t) = -45*t + 3000. What is n(67)?
-15
Let q(i) = -68*i**2 + 1355*i + 103. Calculate q(20).
3
Let o(n) = -n**3 - 10*n**2 - 105*n - 333. Determine o(-8).
379
Let m(h) = 23*h**3 - 183*h**2 - 10*h + 10. Calculate m(8).
-6
Let k(n) = n**3 + 5*n**2 - 6*n + 2. What is k(1)?
2
Let m(b) = 24*b**2 - 78*b - 382. Determine m(-4).
314
Let a(j) = -661*j - 5949. Determine a(-9).
0
Let j(n) = -n**3 - 45*n**2 - 227*n + 335. What is j(-39)?
62
Let r(c) = 2*c**2 + 807*c + 33188. What is r(-357)?
-13
Let t(l) = -774*l - 6188. Give t(-8).
4
Let g(r) = -r**3 + r**2 + 12*r + 11. Calculate g(-3).
11
Let q(x) = 3*x**3 + 3*x**2 - 58*x + 11. Determine q(-5).
1
Let j(w) = -462*w + 1853. Determine j(4).
5
Let z(h) = 18*h - 1631. Give z(86).
-83
Let s(l) = 10*l**2 - 294*l - 176. Determine s(30).
4
Let w(n) = 48*n - 466. Calculate w(10).
14
Let l(b) = 65*b - 177. Determine l(13).
668
Let v(p) = -454*p - 15455. Give v(-34).
-19
Let s(w) = -654*w**2 + 45127*w - 64. Give s(69).
5
Let n(z) = -3*z**3 - 37*z**2 - 9*z + 2. What is n(-12)?
-34
Let z(a) = -3*a**2 + 15*a - 18. Give z(2).
0
Let a(q) = 286*q**2 + 8*q + 2. Calculate a(-1).
280
Let w(o) = -22*o + 1104. Determine w(52).
-40
Let v(w) = w**2 - 418*w + 1246. Determine v(3).
1
Let p(f) = -332*f - 13280. What is p(-40)?
0
Let r(a) = 2*a**3 + 21*a**2 + 95*a + 75. What is r(-1)?
-1
Let a(g) = -g**3 - 16*g**2 + 6. Give a(-16).
6
Let l(x) = 9*x**3 + 474*x**2 + 311*x - 55. Determine l(-52).
-3
Let l(t) = 46*t - 2063. Determine l(45).
7
Let b(y) = 8792*y + 61557. Give b(-7).
13
Let g(q) = q**2 - 51*q + 3. Give g(0).
3
Let t(a) = 16*a + 12. Determine t(-1).
-4
Let c(w) = -w**2 + 8*w + 274. Give c(21).
1
Let u(l) = -364*l**2 - 1084*l + 24. Calculate u(-3).
0
Let f(z) = 177*z - 3313. What is f(19)?
50
Let r(d) = -d**3 - 9*d**2 - 122*d - 755. Give r(-7).
1
Let v(t) = t**3 + 59*t**2 + 845*t + 138. Determine v(-24).
18
Let t(p) = p**2 - 368*p - 1847. Calculate t(-5).
18
Let q(l) = -20*l + 275. Determine q(16).
-45
Let a(u) = -2*u**2 - u + 67. Calculate a(-5).
22
Let o(y) = -11*y**2 + 68*y + 81. Determine o(7).
18
Let r(f) = -f**3 + 80*f**2 - 569*f - 19. Determine r(8).
37
Let x(p) = -p**3 - 12*p**2 - 11*p + 20. What is x(-10)?
-70
Let q(s) = -s**2 + 21*s + 140. What is q(27)?
-22
Let f(o) = -27*o**2 - 7*o + 2. What is f(2)?
-120
Let w(h) = -4*h**3 + 18*h**2 + 6*h + 7. Give w(4).
63
Let c(y) = -7*y**3 + y**2 + 4*y + 12. Calculate c(-2).
64
Let v(m) = 20*m**2 - 50*m + 7. What is v(2)?
-13
Let h(n) = n**2 - 400*n - 795. Give h(-2).
9
Let s(h) = 2*h**2 - 23*h - 54. Give s(14).
16
Let c(x) = 5*x**2 - 9*x - 35. Calculate c(-4).
81
Let x(y) = -109*y + 4365. Calculate x(40).
5
Let f(v) = 19*v**2 - 74*v - 296. Give f(-4).
304
Let m(o) = -26*o + 393. Give m(15).
3
Let j(u) = -177*u + 732. Calculate j(4).
24
Let y(p) = -2*p**3 + 4*p**2 + 376*p + 1592. What is y(-9)?
-10
Let o(m) = -3*m**3 - 9*m**2 + 26*m + 72. What is o(-3